5
In base 8, what is 773 + 0?
773
In base 4, what is -1 + 20002?
20001
In base 8, what is 5 - -22?
27
In base 3, what is 2 + 1001?
1010
In base 4, what is -11031 - -11?
-11020
In base 2, what is 0 - -1001100?
1001100
In base 3, what is 20112 - 222?
12120
In base 11, what is -4 - -538?
534
In base 8, what is -332 + 5?
-325
In base 16, what is -46 - -f?
-37
In base 16, what is -12 + 5?
-d
In base 11, what is -30 - -4?
-27
In base 12, what is 2b + 5?
34
In base 14, what is 157 + -10?
147
In base 8, what is 0 + 20?
20
In base 5, what is -202 + -1?
-203
In base 11, what is 4520 + 7?
4527
In base 5, what is -110 + 11430?
11320
In base 15, what is -b3 - 24?
-d7
In base 15, what is 408 - 20?
3d8
In base 3, what is -2001000 - 1?
-2001001
In base 14, what is -5 - 1a1?
-1a6
In base 10, what is -58 - -3?
-55
In base 6, what is 415 + -1?
414
In base 12, what is 5 + 89?
92
In base 4, what is -220 - -10?
-210
In base 7, what is -2 + -64?
-66
In base 15, what is 4 - -14c?
151
In base 11, what is 4 + 1610?
1614
In base 9, what is -10 + 3206?
3186
In base 8, what is 205 - -33?
240
In base 16, what is -23 + -ac?
-cf
In base 12, what is -512 - 2?
-514
In base 4, what is -20 + 31?
11
In base 16, what is 1e + 4?
22
In base 3, what is -1 + -21111?
-21112
In base 6, what is -30 - 20?
-50
In base 4, what is -10 - 1011?
-1021
In base 13, what is -a + 67?
5a
In base 6, what is 141 + -433?
-252
In base 3, what is 10 + -22221?
-22211
In base 13, what is 10 + -24?
-14
In base 14, what is -3 + 25c?
259
In base 6, what is -2 - 215?
-221
In base 12, what is 2 + -68?
-66
In base 8, what is 10 - 5?
3
In base 12, what is -1a + -26?
-44
In base 3, what is 200220 - -1?
200221
In base 14, what is -2 + 3c?
3a
In base 3, what is -1112101022 - 12?
-1112101111
In base 10, what is -4 - -213?
209
In base 16, what is -6f4 + -7?
-6fb
In base 10, what is -4 + 127?
123
In base 7, what is 106 + 0?
106
In base 15, what is 3 - c?
-9
In base 11, what is 668 + -10?
658
In base 16, what is 5 - 301?
-2fc
In base 10, what is -2 - -35?
33
In base 9, what is -8 - 63?
-72
In base 5, what is 2122 - -2?
2124
In base 12, what is -4 - -49?
45
In base 5, what is -100 - 1?
-101
In base 15, what is -43e - 5?
-444
In base 13, what is 1c3 - 4?
1bc
In base 8, what is -101 - 4?
-105
In base 9, what is 28524 + 2?
28526
In base 14, what is 8c - 4?
88
In base 13, what is 1b0 + 4?
1b4
In base 9, what is 1 - -120?
121
In base 11, what is 253 - 4?
24a
In base 11, what is -2 + 74?
72
In base 5, what is 100214 + -10?
100204
In base 3, what is 22200122 + 1?
22200200
In base 9, what is -63 - 20?
-83
In base 11, what is 10a + -7?
103
In base 15, what is 13 - 40?
-2c
In base 5, what is 332 + 0?
332
In base 9, what is 180 + 30?
220
In base 11, what is 12 - -157?
169
In base 6, what is 0 + 140?
140
In base 6, what is -201 - -2?
-155
In base 16, what is -8 - 6?
-e
In base 12, what is -12 + 141?
12b
In base 11, what is 62 + -4?
59
In base 13, what is 5 - -2a1?
2a6
In base 7, what is 4035 + -4?
4031
In base 2, what is 101100 + -101?
100111
In base 8, what is 2 + 144?
146
In base 16, what is d3 - 0?
d3
In base 6, what is -15 + 2?
-13
In base 5, what is -1133 + 24?
-1104
In base 5, what is 143 + 1?
144
In base 4, what is -23121 + -3?
-23130
In base 13, what is -5 + bb?
b6
In base 8, what is 3 - 727?
-724
In base 4, what is 20003 - -112?
20121
In base 6, what is 1 - -13453?
13454
In base 4, what is -100 - 1220?
-1320
In base 16, what is 3c + -71?
-35
In base 11, what is -4a + 1?
-49
In base 8, what is -5 + 563?
556
In base 8, what is 306 + 0?
306
In base 11, what is 2 - -170?
172
In base 10, what is -1268 + 3?
-1265
In base 15, what is 5ab + 3?
5ae
In base 8, what is 13733 - 2?
13731
In base 3, what is 20122 - -10?
20202
In base 11, what is -2185 - -2?
-2183
In base 14, what is -46 - -1?
-45
In base 12, what is 0 - -101?
101
In base 16, what is 1f - -10?
2f
In base 11, what is -a - 21?
-30
In base 14, what is -3 - -23?
20
In base 10, what is -340 - -1?
-339
In base 5, what is -1303 - -10?
-1243
In base 3, what is 2 + -100?
-21
In base 14, what is -20a6 + 5?
-20a1
In base 15, what is -4d - 5?
-53
In base 15, what is -c - b0?
-bc
In base 3, what is 1010011210 - -1?
1010011211
In base 7, what is 12 + -6624?
-6612
In base 15, what is 0 + 14?
14
In base 6, what is -4 - 334?
-342
In base 9, what is 10203 - -4?
10207
In base 9, what is 27 - -60?
87
In base 4, what is -11 - 32220?
-32231
In base 13, what is -66 + -4?
-6a
In base 10, what is 3 + -992?
-989
In base 9, what is -721 - -3?
-717
In base 5, what is -3 - 11232?
-11240
In base 8, what is 124 - 152?
-26
In base 3, what is -21200 - 11?
-21211
In base 2, what is -10 - 100000010?
-100000100
In base 14, what is -2 - -a7?
a5
In base 13, what is 3 - -c?
12
In base 11, what is -202a + -4?
-2033
In base 5, what is 11 + 11030?
11041
In base 10, what is -2 - -2173?
2171
In base 6, what is 25530 - -1?
25531
In base 11, what is 4 - 1a3?
-19a
In base 7, what is -1 - -206?
205
In base 9, what is 2 - 201?
-188
In base 3, what is 12021 - -202?
20000
In base 10, what is 3 + -37?
-34
In base 13, what is -a75 - -1?
-a74
In base 13, what is -14 - -2c?
18
In base 8, what is -16 - -725?
707
In base 16, what is -7d + -2?
-7f
In base 13, what is 190 - 5?
188
In base 15, what is -122 + 0?
-122
In base 4, what is -303222 + 1?
-303221
In base 8, what is -2155 + -2?
-2157
In base 3, what is -121 - 221?
-1112
In base 11, what is -2 + -1506?
-1508
In base 9, what is 183 + -4?
178
In base 16, what is -4 - -3?
-1
In base 12, what is -16b - 0?
-16b
In base 11, what is -1 - 781?
-782
In base 3, what is -12110 + 0?
-12110
In base 14, what is aa + -3?
a7
In base 7, what is -5 + -1124?
-1132
In base 7, what is 2 - 26?
-24
In base 9, what is 4 + -43?
-38
In base 6, what is 4 - 114?
-110
In base 11, what is -a60 - 10?
-a70
In base 16, what is 35 - 1c?
19
In base 5, what is -14 + 13?
-1
In base 9, what is -4 - 28?
-33
In base 2, what is 101 + -1001000?
-1000011
In base 11, what is -121 - 6?
-127
In base 7, what is 10640 + 1?
10641
In base 13, what is -c50 - 1?
-c51
In base 10, what is -2 - -4028?
4026
In base 3, what is 2 - 2021?
-2012
In base 12, what is -5 + -17?
-20
In base 7, what is 15 - -12?
30
In base 5, what is -21 - 142?
-213
In base 8, what is 0 + -401?
-401
In base 4, what is -11 - -100023?
100012
In base 11, what is 5 - 799?
-794
In base 11, what is -1 + -a8?
-a9
In base 2, what is -1110 - -1010010?
1000100
In base 16, what is -46b + -3?
-46e
In base 14, what is -492 - 4?
-496
In base 9, what is -26 + -12?
-38
In base 16, what is 3e4 - -f?
3f3
In base 13, what is -5 - 11?
-16
In base 9, what is 4 - -83?
87
In base 9, what is -53 - -317?
254
In base 2, what is 11010101000111 - 100?
11010101000011
In base 12, what is 4 + 64?
68
In base 15, what is 2 + 968?
96a
In base 11, what is 633 + 3?
636
In base 14, what is 108d - -3?
1092
In base 4, what is 313 + -101?
212
In base 4, what is 1 - 12130?
-12123
In base 12, what is 1 + -195?
-194
In base 9, what is -166 - 2?
-168
In base 7, what is -36 + -14?
-53
In base 6, what is -23043 + 4?
-23035
In base 11, what is 4 - -2986?
298a
In base 9, what is 10 - 3067?
-3057
In base 5, what is 122434 - -4?
122443
In base 11, what is -8 - -15?
8
In base 13, what is a78 + 5?
a80
In base 6, what is -234 + -40?
-314
In base 13, what is -23 + a8?
85
In base 5, what is -3 + -220?
-223
In base 11, what is -1a + 6a?
50
In base 14, what is -4d - 8?
-57
In base 14, what is -579 + 0?
-579
In base 5, what is 1021 - 10?
1011
In base 13, what is 0 - -20c6?
20c6
In base 4, what is -1333 - -3?
-1330
In base 13, what is 793 + 5?
798
In base 3, what is -112 - 12?
-201
In base 7, what is 562 + 0?
562
In base 9, what is -370 + -10?
-380
In base 4, what is 0 + -1202?
-1202
In base 16, what is -2d + -1?
-2e
In base 4, what is -132000 + 10?
-131330
In base 10, what is 231 - -5?
236
In base 7, what is 2 - -134?
136
In base 15, what is -1 - 7d0?
-7d1
In base 5, what is 1041 + 0?
1041
In base 13, what is 5a1 - -1?
5a2
In base 14, what is 4 - -6?
a
In base 5, what is 4000 - -13?
4013
In base 10, what is 3 - 266?
-263
In base 7, what is -421 + -66?
-520
In base 5, what is 101 + -12?
34
In base 5, what is 24 - -21?
100
In base 3, what is 21021021 + -1?
21021020
In base 5, what is 0 + 31002?
31002
In base